remainder when 3193929 is divided by 8253?
18
What is the remainder when 128751617 is divided by 471?
470
What is the remainder when 1336160 is divided by 34260?
20
What is the remainder when 332895 is divided by 332670?
225
Calculate the remainder when 640820 is divided by 290.
210
What is the remainder when 139167255 is divided by 2233?
2229
What is the remainder when 1888852 is divided by 3668?
3500
What is the remainder when 222677250 is divided by 19?
5
Calculate the remainder when 69406 is divided by 61.
49
Calculate the remainder when 288952 is divided by 1219.
49
Calculate the remainder when 561978330 is divided by 153.
150
What is the remainder when 49578 is divided by 45941?
3637
Calculate the remainder when 1493952670 is divided by 894.
892
Calculate the remainder when 1254201516 is divided by 110.
106
What is the remainder when 535486 is divided by 44623?
10
Calculate the remainder when 29957 is divided by 9701.
854
What is the remainder when 795158 is divided by 3681?
62
Calculate the remainder when 1336610 is divided by 668238.
134
Calculate the remainder when 503179 is divided by 2884.
1363
Calculate the remainder when 38196 is divided by 2981.
2424
Calculate the remainder when 14017545 is divided by 153.
144
Calculate the remainder when 2245862 is divided by 218.
26
What is the remainder when 22495186 is divided by 3213597?
7
Calculate the remainder when 312965560 is divided by 15.
10
What is the remainder when 42212 is divided by 4194?
272
Calculate the remainder when 198756 is divided by 2067.
324
Calculate the remainder when 48490 is divided by 3900.
1690
What is the remainder when 1156444 is divided by 146?
124
What is the remainder when 1676667 is divided by 223?
153
Calculate the remainder when 60761015 is divided by 9.
8
What is the remainder when 225947 is divided by 736?
731
Calculate the remainder when 138154 is divided by 9865.
44
Calculate the remainder when 38819 is divided by 162.
101
What is the remainder when 142294 is divided by 185?
29
Calculate the remainder when 48253 is divided by 5959.
581
Calculate the remainder when 10532017 is divided by 24493.
27
Calculate the remainder when 126050 is divided by 25.
0
Calculate the remainder when 332850249 is divided by 2705.
2704
What is the remainder when 776925 is divided by 138?
123
Calculate the remainder when 7923143 is divided by 409.
404
Calculate the remainder when 4869707 is divided by 2434690.
327
What is the remainder when 11639752 is divided by 21515?
137
Calculate the remainder when 22165808 is divided by 1078.
1050
What is the remainder when 2863723 is divided by 187?
5
What is the remainder when 7275325 is divided by 115481?
22
What is the remainder when 312950 is divided by 10087?
253
What is the remainder when 8886491 is divided by 81527?
48
Calculate the remainder when 9737549 is divided by 81.
53
Calculate the remainder when 712333 is divided by 236077.
4102
What is the remainder when 45314468 is divided by 5964?
5960
What is the remainder when 6642 is divided by 6471?
171
What is the remainder when 368177 is divided by 184066?
45
What is the remainder when 309156 is divided by 1627?
26
Calculate the remainder when 50135 is divided by 695.
95
What is the remainder when 1090315776 is divided by 18?
12
What is the remainder when 32053639 is divided by 16026816?
7
Calculate the remainder when 825379 is divided by 2095.
2044
What is the remainder when 129365 is divided by 479?
35
What is the remainder when 1601190 is divided by 400081?
866
Calculate the remainder when 12435509 is divided by 74464.
21
Calculate the remainder when 123137 is divided by 700.
637
Calculate the remainder when 589651 is divided by 117915.
76
What is the remainder when 308439 is divided by 612?
603
Calculate the remainder when 8778733 is divided by 548667.
61
What is the remainder when 569807 is divided by 643?
109
What is the remainder when 179874 is divided by 1040?
994
Calculate the remainder when 13669496 is divided by 431.
331
What is the remainder when 3397502 is divided by 219?
155
Calculate the remainder when 22061 is divided by 2465.
2341
Calculate the remainder when 12016 is divided by 4125.
3766
Calculate the remainder when 4442302 is divided by 275.
227
What is the remainder when 955471 is divided by 455?
426
What is the remainder when 111104 is divided by 111067?
37
Calculate the remainder when 58210 is divided by 4164.
4078
Calculate the remainder when 1058105 is divided by 75576.
41
Calculate the remainder when 739555 is divided by 2113.
5
Calculate the remainder when 25233 is divided by 1271.
1084
What is the remainder when 19209 is divided by 98?
1
What is the remainder when 38256 is divided by 782?
720
Calculate the remainder when 2440837 is divided by 3502.
3445
Calculate the remainder when 3828746 is divided by 1276245.
11
What is the remainder when 6756708 is divided by 394?
2
Calculate the remainder when 19586 is divided by 15065.
4521
Calculate the remainder when 145098 is divided by 762.
318
Calculate the remainder when 652088 is divided by 483.
38
Calculate the remainder when 159822 is divided by 53259.
45
Calculate the remainder when 9471 is divided by 9402.
69
Calculate the remainder when 4506170 is divided by 6320.
10
What is the remainder when 1862369 is divided by 116383?
241
Calculate the remainder when 833970 is divided by 4088.
18
What is the remainder when 86973574 is divided by 28991191?
1
What is the remainder when 834372 is divided by 460?
392
Calculate the remainder when 63321056 is divided by 21107014.
14
What is the remainder when 890870 is divided by 296915?
125
Calculate the remainder when 6575447 is divided by 577.
532
Calculate the remainder when 77569 is divided by 70504.
7065
Calculate the remainder when 3497943 is divided by 250.
193
Calculate the remainder when 37819154 is divided by 121.
120
Calculate the remainder when 230971915 is divided by 28.
27
Calculate the remainder when 204038 is divided by 420.
338
Calculate the remainder when 82764667 is divided by 245.
237
Calculate the remainder when 2684824 is divided by 766.
760
What is the remainder when 13171241 is divided by 15?
11
What is the remainder when 20350555 is divided by 726801?
127
What is the remainder when 950272 is divided by 134?
78
Calculate the remainder when 11997291 is divided by 313.
1
What is the remainder when 150129 is divided by 49665?
1134
Calculate the remainder when 191857118 is divided by 89.
85
Calculate the remainder when 626465 is divided by 41393.
5570
What is the remainder when 9358146 is divided by 6881?
6867
Calculate the remainder when 64272 is divided by 5787.
615
What is the remainder when 164185 is divided by 797?
3
Calculate the remainder when 869462 is divided by 1144.
22
Calculate the remainder when 3214941 is divided by 9.
6
What is the remainder when 1177242 is divided by 6?
0
Calculate the remainder when 64233 is divided by 8083.
7652
What is the remainder when 1367814 is divided by 13?
6
Calculate the remainder when 1272045 is divided by 211841.
999
Calculate the remainder when 18282 is divided by 870.
12
What is the remainder when 41559508 is divided by 1631?
1628
What is the remainder when 3256634 is divided by 366?
332
Calculate the remainder when 1585810 is divided by 58.
32
Calculate the remainder when 444621 is divided by 444288.
333
Calculate the remainder when 614758 is divided by 1471.
1351
What is the remainder when 123668451 is divided by 1014?
1011
What is the remainder when 52542053 is divided by 8757007?
11
What is the remainder when 5164664 is divided by 50?
14
What is the remainder when 3127629 is divided by 2281?
378
Calculate the remainder when 19409591 is divided by 6469853.
32
What is the remainder when 90716 is divided by 299?
119
Calculate the remainder when 3332964 is divided by 1110733.
765
What is the remainder when 14518317 is divided by 4839418?
63
What is the remainder when 11844 is divided by 1911?
378
What is the remainder when 69077 is divided by 282?
269
What is the remainder when 6239 is divided by 840?
359
Calculate the remainder when 1277120 is divided by 5867.
3981
What is the remainder when 7254 is divided by 213?
12
Calculate the remainder when 3225637 is divided by 359.
22
What is the remai